{"id":77,"date":"2015-07-13T18:34:04","date_gmt":"2015-07-13T18:34:04","guid":{"rendered":"https:\/\/vfw.diebin.at\/?page_id=77"},"modified":"2026-03-12T11:50:11","modified_gmt":"2026-03-12T10:50:11","slug":"vorstand","status":"publish","type":"page","link":"https:\/\/vfw.or.at\/index.php\/zum-verband\/vorstand\/","title":{"rendered":"Vorstand"},"content":{"rendered":"\n<p>Die strukturelle Aufrechterhaltung des VfW \u00fcbernehmen derzeit der Vorstand und Tr\u00e4geri*nnen einzelner Projekte und Treffen. Inhaltliche Entscheidungen werden jedoch soweit wie m\u00f6glich konsensuell unter den partizipierenden Mitfrauen* getroffen.<\/p>\n\n\n\n<p><strong>Derzeitiger Vorstand<\/strong><br>Diana K\u00f6hler, Anna Rauchenwald<\/p>\n\n\n\n<p><strong>Derzeitige Rechnungspr\u00fcferi*nnen<\/strong><br>Eva Obernosterer, Felicitas Heyke<\/p>\n\n\n\n<p><strong>Derzeit im Beirat<br><\/strong>Hanna Hacker, Sabine Prokop, Lisbeth N. Trallori<\/p>\n\n\n\n<p><strong>Derzeitige&nbsp;Bundeslandsvertreteri*nnen<\/strong><br>Gertrude Eigelsreiter-Jashari (Nieder\u00f6sterreich)<br>Renate Fleisch (Vorarlberg)<\/p>\n\n\n\n<p><strong>Im Vorstand seit 2000<\/strong><br>Anna Babka, Andrea B. Braidt, Andrea Capovilla, Helga Eberherr, Michi Ebner, Gertrude Eigelsreiter-Jashari, Waltraud Ernst, Dagmar Fink, Renate Fleisch, Isabelle Garde, Mechthild Geyer, Natascha Gruber, Sonja Gruber, Hanna Hacker, Birgit Hofst\u00e4tter, Esther Hutfles, Eva Kalny, Elisabeth Katzdobler, Christine Klapeer, Bente Knoll, Birge Krondorfer, Meike Lauggas, Harriet Leischko, Susanne Lummerding, Isabella Meier, Kirstin Mertlitsch, Susanne Moser, Julia Neissl, Ruth Noack, Herta N\u00f6bauer, Alice Pechriggl, Gudrun Perko, Katharina Pewny, Katharina Prinzenstein, Sabine Prokop, Yvanka B. Raynova, Jo Taubert, Helga Treichl, Regina Trotz, Diana Sadounig, Johanna Schaffer, Hilde Scheffler, Nadja Schefzig, Rosemarie Sch\u00f6ffmann, Heide Studer, Karin Wetschanow, Katja Wiederspahn, Monika Windisch, Veronika Zangl, Melanie Zeller<\/p>\n","protected":false},"excerpt":{"rendered":"<p>Die strukturelle Aufrechterhaltung des VfW \u00fcbernehmen derzeit der Vorstand und Tr\u00e4geri*nnen einzelner Projekte und Treffen. Inhaltliche Entscheidungen werden jedoch soweit wie m\u00f6glich konsensuell unter den partizipierenden Mitfrauen* getroffen. Derzeitiger VorstandDiana [&hellip;]<\/p>\n","protected":false},"author":1,"featured_media":0,"parent":31,"menu_order":2,"comment_status":"closed","ping_status":"open","template":"","meta":{"footnotes":"","_links_to":"","_links_to_target":""},"class_list":["post-77","page","type-page","status-publish","hentry"],"_links":{"self":[{"href":"https:\/\/vfw.or.at\/index.php\/wp-json\/wp\/v2\/pages\/77","targetHints":{"allow":["GET"]}}],"collection":[{"href":"https:\/\/vfw.or.at\/index.php\/wp-json\/wp\/v2\/pages"}],"about":[{"href":"https:\/\/vfw.or.at\/index.php\/wp-json\/wp\/v2\/types\/page"}],"author":[{"embeddable":true,"href":"https:\/\/vfw.or.at\/index.php\/wp-json\/wp\/v2\/users\/1"}],"replies":[{"embeddable":true,"href":"https:\/\/vfw.or.at\/index.php\/wp-json\/wp\/v2\/comments?post=77"}],"version-history":[{"count":16,"href":"https:\/\/vfw.or.at\/index.php\/wp-json\/wp\/v2\/pages\/77\/revisions"}],"predecessor-version":[{"id":6047,"href":"https:\/\/vfw.or.at\/index.php\/wp-json\/wp\/v2\/pages\/77\/revisions\/6047"}],"up":[{"embeddable":true,"href":"https:\/\/vfw.or.at\/index.php\/wp-json\/wp\/v2\/pages\/31"}],"wp:attachment":[{"href":"https:\/\/vfw.or.at\/index.php\/wp-json\/wp\/v2\/media?parent=77"}],"curies":[{"name":"wp","href":"https:\/\/api.w.org\/{rel}","templated":true}]}}