{"id":183,"date":"2015-07-14T13:56:06","date_gmt":"2015-07-14T13:56:06","guid":{"rendered":"https:\/\/vfw.diebin.at\/?page_id=183"},"modified":"2022-02-17T11:25:26","modified_gmt":"2022-02-17T10:25:26","slug":"kontakt-impressum","status":"publish","type":"page","link":"https:\/\/vfw.or.at\/index.php\/kontakt-impressum\/","title":{"rendered":"Kontakt &#038; Impressum"},"content":{"rendered":"<p><strong>Verband feministischer Wissenschafteri*nnen (VfW)<\/strong><br \/>\nVerein zur F\u00f6rderung freier feministischer Wissenschafteri*nnen und feministischer Wissenschaften in \u00d6sterreich<\/p>\n<p>ZVR-Zahl: 296211408<\/p>\n<p>p. A. B\u00fcrogemeinschaft 1. Stock<br \/>\nGumpendorferstr. 63b, A 1060 Wien<br \/>\n<a href=\"mailto:vfwkontakt[a]yahoo.com\">vfwkontakt@yahoo.com<\/a><br \/>\n<a href=\"https:\/\/www.vfw.or.at\" target=\"_blank\" rel=\"noopener\">www.vfw.or.at<\/a><\/p>\n<p class=\"impressum\" style=\"text-align: left;\" align=\"right\"><strong><span style=\"font-size: 16px;\">Der Verein bezweckt<\/span><\/strong><br \/>\n<span style=\"font-size: 16px;\">a) die Erforschung und Verbesserung der Arbeitsbedingungen der freien feministischen Wissenschafteri*nnen und<\/span><br \/>\n<span style=\"font-size: 16px;\">b) den Aufbau eines Netzwerkes zur F\u00f6rderung der Interessen der freien feministischen Wissenschafteri*nnen und der feministischen Wissenschaften.<\/span><\/p>\n<p style=\"text-align: left;\" align=\"right\"><strong>Vorstand:<\/strong> Mechthild Geyer, Diana Sadounig<\/p>\n<h6 class=\"impressum\" style=\"text-align: left;\" align=\"right\">Redaktion: Dagmar Fink, Sabine Prokop, Diana Sadounig, unterst\u00fctzt von Andrea Ida Malkah Klaura<br \/>\n(basierend auf der Version 2009 &#8211; Redaktion Hanna Hacker, Christine Klapeer, Katherina Prinzenstein, Sabine Prokop, unterst\u00fctzt von Andrea Ben Lassoued)<br \/>\n2015 Relaunch auf eine WordPress-Site, gehostet von <a href=\"https:\/\/www.diebin.at\/\" target=\"_blank\" rel=\"noopener\">diebin.at<\/a><br \/>\nGrafik des VfW-Schriftzugs: Jo Schmeiser<br \/>\nBetreuung\u00a0der Website: Diana Sadounig (mailto: <a href=\"mailto:diana.sadounig.vfw@gmail.com\">diana.sadounig.vfw@gmail.com<\/a>)<\/h6>\n<h6 style=\"text-align: left;\">Diese Website wurde im Rahmen des Verbandes feministischer Wissenschafteri*nnen (VfW) erstellt. Ziel des VfW ist die St\u00e4rkung der feministischen Wissenschafteri*nnen und der Austausch \u00fcber die Weiterentwicklung feministischer Wissenschaften.<\/h6>\n<h6 style=\"text-align: left;\">Die Verantwortung f\u00fcr den Inhalt dieser Webseite liegt beim Verband feministischer Wissenschafteri*nnen.<br \/>\nF\u00fcr Inhalte von Internetseiten, auf die mit einem Link verwiesen wird, kann keine Haftung \u00fcbernommen werden.<br \/>\nDie Rechte und die Verantwortung f\u00fcr die jeweiligen Texte (Online-Publikation) liegen bei den einzelnen Autori*nnen.<\/h6>\n<h3>Datenschutz<\/h3>\n<p>Diese Website zeichnet keine personenbezogene Besucheri*nnendaten auf und verfolgt Sie nicht.<\/p>\n<p>&nbsp;<\/p>\n<h6 style=\"text-align: left;\">gef\u00f6rdert von\u00a0 <img loading=\"lazy\" decoding=\"async\" class=\" alignnone\" src=\"https:\/\/www.wien.gv.at\/layout-a\/logo\/ma07-klein.gif\" alt=\"Logo Magistratsabteilung 7\" width=\"116\" height=\"36\" \/><\/h6>\n","protected":false},"excerpt":{"rendered":"<p>Verband feministischer Wissenschafteri*nnen (VfW) Verein zur F\u00f6rderung freier feministischer Wissenschafteri*nnen und feministischer Wissenschaften in \u00d6sterreich ZVR-Zahl: 296211408 p. A. B\u00fcrogemeinschaft 1. Stock Gumpendorferstr. 63b, A 1060 Wien vfwkontakt@yahoo.com www.vfw.or.at Der [&hellip;]<\/p>\n","protected":false},"author":1,"featured_media":0,"parent":0,"menu_order":6,"comment_status":"closed","ping_status":"closed","template":"","meta":{"footnotes":"","_links_to":"","_links_to_target":""},"class_list":["post-183","page","type-page","status-publish","hentry"],"_links":{"self":[{"href":"https:\/\/vfw.or.at\/index.php\/wp-json\/wp\/v2\/pages\/183","targetHints":{"allow":["GET"]}}],"collection":[{"href":"https:\/\/vfw.or.at\/index.php\/wp-json\/wp\/v2\/pages"}],"about":[{"href":"https:\/\/vfw.or.at\/index.php\/wp-json\/wp\/v2\/types\/page"}],"author":[{"embeddable":true,"href":"https:\/\/vfw.or.at\/index.php\/wp-json\/wp\/v2\/users\/1"}],"replies":[{"embeddable":true,"href":"https:\/\/vfw.or.at\/index.php\/wp-json\/wp\/v2\/comments?post=183"}],"version-history":[{"count":33,"href":"https:\/\/vfw.or.at\/index.php\/wp-json\/wp\/v2\/pages\/183\/revisions"}],"predecessor-version":[{"id":4385,"href":"https:\/\/vfw.or.at\/index.php\/wp-json\/wp\/v2\/pages\/183\/revisions\/4385"}],"wp:attachment":[{"href":"https:\/\/vfw.or.at\/index.php\/wp-json\/wp\/v2\/media?parent=183"}],"curies":[{"name":"wp","href":"https:\/\/api.w.org\/{rel}","templated":true}]}}